
3
Let r(s) = -3*s**3 - s**2 - 3*s - 1. Suppose 2*t + 2*t = 2*a + 24, 15 = 3*t. Let l be r(a). Let x = 28 + -3. What is the highest common factor of x and l?
25
Let d be (6/4)/((-5)/30). Let b(j) = -j**3 - 9*j**2 - j - 8. Let a be b(d). What is the highest common factor of a and 9?
1
Suppose -20*w - 273 = -2373. Calculate the greatest common divisor of 6510 and w.
105
Suppose 85 = 2*x + 5*h, 6*h = -5*x + 7*h + 280. Let v = 60 - x. Suppose v*f - 53 = 12. What is the highest common divisor of f and 13?
13
Let v be (2/(-4))/((-20010)/644 + 31). Calculate the greatest common divisor of v and 14581.
7
Let l be (-1 - (-7)/3)*36. Let c be (16/(-6))/(0 + 2/l). Let q = 80 + c. Calculate the highest common divisor of q and 24.
8
Let a be ((-364)/(-104))/((-1)/(-62)). Suppose 3*t = 90 + 3. What is the highest common factor of t and a?
31
Let f(y) = 90*y + 271. Let w be f(-12). Let d = w - -820. Calculate the greatest common factor of 297 and d.
11
Let m(c) = 114*c**2 + 6*c - 56. Let n be m(4). What is the highest common factor of n and 14?
14
Suppose -215 + 989 = 3*s. Let o = s - 233. What is the greatest common divisor of o and 10?
5
Let d(v) = 5*v**2 + 2*v - 1. Let p be d(-2). Suppose 5*g - p = 10. Suppose 0 = 5*z - 4*z - g. What is the highest common factor of z and 5?
5
Suppose -8398 = -100*w + 2402. Calculate the highest common divisor of w and 2220.
12
Suppose 0*w + z - 680 = -5*w, -5*w + 3*z + 660 = 0. Suppose 3*s = -0*s + w. Calculate the highest common divisor of s and 15.
15
Let s be 3085*6/30 + (-5 - 3). Calculate the highest common divisor of 261 and s.
87
Suppose -5*q + 3*q = -4. Suppose 2*u + 108 = 3714*k - 3713*k, -3*k = 3*u - 225. Calculate the greatest common divisor of k and q.
2
Suppose 396 + 452 = 2*r + 4*n, r - 3*n - 464 = 0. Let h be (-4)/14 + 1236/14. What is the highest common divisor of r and h?
88
Suppose -5*h - 4*s + 24574 = 0, 5*h - 18*s - 24526 = -14*s. Calculate the greatest common factor of 50 and h.
10
Suppose -15*b + 10*b + 2*x = 59, 5*b + 5*x = -45. Let l be (-50)/1*(33/5)/b. What is the greatest common divisor of l and 24?
6
Let s(i) = -6*i - 139. Let n be s(21). Let o = 289 + n. What is the highest common divisor of o and 216?
24
Let s(m) = 439*m + 17. Let p be s(2). Calculate the greatest common divisor of 1969 and p.
179
Let r(d) = -17*d**3 - 6*d**2 - 2*d - 4. Let u be -1 - 1*(6 - 3 - 2). Let g be r(u). Let i = g - 40. Calculate the highest common divisor of i and 6.
6
Let m(v) = -v**3 - v**2. Let b be m(-5). Suppose w + b - 19 = -3*s, 5*w + 27 = -s. Let u = s - -46. Calculate the greatest common divisor of 57 and u.
19
Let d(v) = 13*v + 251. Suppose -35*t - 749 + 154 = 0. Let s be d(t). Calculate the highest common divisor of 120 and s.
30
Let p be 20/25*5480/8. What is the highest common factor of 1507 and p?
137
Let f be (3 - 1 - 2 - 2) + 188. Calculate the greatest common divisor of 30 and f.
6
Suppose -142*n = -139*n - 2*c - 1223, -2*n = 3*c - 798. What is the highest common divisor of 621 and n?
27
Suppose 3*y - 121 = -r, -3*y - 327 = -4*r + r. What is the greatest common divisor of r and 154?
14
Let s(u) = 2*u + 67. Let v be s(-5). Suppose 0 = -26*f + 28*f + 4. Let k be (f/7)/(8/(-1064)). Calculate the greatest common factor of k and v.
19
Suppose -5*z + 59 = -541. Let s = -794498 + 794690. Calculate the highest common factor of s and z.
24
Let l be (51 + -32)/(3/18) + 5. Suppose a + 3*m - 43 = 0, 4*a + 2*m - 56 - 86 = 0. What is the highest common factor of l and a?
17
Let k = 1506 + -369. Suppose -16*d + 2255 = -k. Calculate the highest common factor of 159 and d.
53
Let f be (-1 - 1)*1/(-2). Let h be (f - 4)*(6*3)/(-2). What is the greatest common factor of h and 36?
9
Suppose -3*w + 481 = -2*a, 8*a + 143 = w + 3*a. Suppose -w - 93 = -4*r. Calculate the greatest common factor of r and 56.
8
Let b be ((-6)/(-4))/(24/32). Let d(m) = -b + 2 + 6 + m**2 - 1 - 8*m. Let s be d(8). Calculate the greatest common factor of s and 45.
5
Suppose 49*r = -119*r + 63801 - 2313. What is the highest common factor of 18 and r?
6
Suppose 0 = 15*y - 16*y + 234. Let t = y + -153. Calculate the greatest common factor of 18 and t.
9
Suppose 27 - 102 = 5*d. Let k be (-66)/d + (-9)/(-15). Suppose 0*i + k*t + 145 = 5*i, 2*t = 3*i - 83. Calculate the highest common factor of i and 5.
5
Suppose 94*o + 2*q + 36 = 98*o, 4*q = -o + 36. What is the greatest common factor of 189 and o?
3
Suppose 6*g - 5*g = 0. Let t be (1 - g) + (3 - (-3)/3). Suppose 633 = t*l - 7. What is the highest common factor of 16 and l?
16
Suppose -y - 84 = -1010. Calculate the highest common divisor of y and 4.
2
Let j = 117 + -84. Let q = -4 - -8. Let g be 176/(-20)*(-10)/q. Calculate the highest common factor of g and j.
11
Let l = 57 + -45. Suppose -10 = 2*j - l*j. Calculate the greatest common divisor of 29 and j.
1
Suppose 0*z - 3*z + 6 = 0. Let g be 518/21 + z/(-3). Let q = g + 20. What is the greatest common divisor of q and 11?
11
Let d be ((-39)/(-6) - 4)/((-1)/(-2)). Let r(w) = w**2 + 8. Let o be r(d). Suppose o*p - 28*p = 80. Calculate the highest common factor of p and 8.
8
Suppose -n + 652 = -2*h, n - 648 = -0*n + h. Calculate the highest common factor of n and 364.
28
Let k = 4403 + -4288. Calculate the greatest common factor of 9430 and k.
115
Let k = -1353 + 879. Let i = -144 - k. Calculate the greatest common factor of i and 44.
22
Let v = -15 + 23. Suppose -a = -4*a + 3*i + 24, 0 = -2*i + v. Suppose n = 196*c - 198*c - 2, -4*n + 4*c + 40 = 0. What is the highest common factor of a and n?
6
Suppose 5*v + 659 = -4*n + 953, 4*v + 5*n - 246 = 0. Calculate the highest common divisor of v and 1314.
18
Let k = -31 + 35. Suppose n + 2*n = k*l - 252, -5*l = 4*n + 305. Let t = 110 + n. Calculate the highest common factor of 10 and t.
10
Let a = 4208 - 4138. Calculate the highest common factor of a and 189.
7
Let m(p) = 13*p - 12*p**2 - 3*p**2 + 0*p - p**3 + 20. Let y(o) = 12*o + 596. Let d be y(-51). Let i be m(d). What is the highest common factor of i and 17?
17
Let r be ((-6)/4)/((-6)/12). Suppose -3*i = -r*f - 0*f + 123, 4*f = -5*i + 137. What is the highest common factor of 418 and f?
38
Suppose u - p = 3*p - 80, 2*p - 310 = 5*u. Let q = -44 - u. Suppose 0 = -2*m + 56 + 24. What is the greatest common factor of m and q?
8
Suppose -58577 = -4*v + 3*w, 4*v + 4*w - 76802 = -18218. Calculate the highest common factor of v and 145.
145
Let k be 413/3 + ((-1276)/(-66) - 19). What is the greatest common factor of k and 14007?
69
Let k be (336 - -12)*3/6. Let a be k*21/48 - (-18)/(-144). What is the highest common factor of 19 and a?
19
Let z be 483/12 + (-6)/24 + (-8)/(-2). Calculate the greatest common factor of z and 1606.
22
Suppose -3*i - 3*x + 5115 = 0, 5*i - 4*x - 3386 = 3*i. Calculate the highest common factor of i and 162.
81
Let f = -44 + 143. Let g = f + -102. Let a be (-19)/3*g + 5. Calculate the highest common factor of a and 6.
6
Let h(x) = 333*x - 662. Let l be h(2). Let k = 23 + 37. Calculate the highest common divisor of l and k.
4
Suppose -5*a = 2*s - 20, 0*a - 3 = -s + a. Suppose s*i + 6*i = 198. Suppose t - i = -t. What is the greatest common divisor of 117 and t?
9
Let o(g) = g**3 - 17*g**2 - 121*g + 1945. Let f be o(19). Calculate the highest common factor of f and 2496.
16
Suppose -2*h + 1914 = -4*w - 7288, 5*h + 3*w - 22992 = 0. Calculate the highest common factor of h and 63.
63
Let p = -1882 - -1966. What is the greatest common factor of p and 2478?
42
Suppose -25*h + 52*h - 170856 = -81*h. Calculate the greatest common factor of h and 4068.
226
Let k be (-2)/12 + (-10863)/(-54). Suppose -3*r - 504 = 5*d - 0*d, -2*d - k = r. Let v = -54 - d. Calculate the greatest common factor of v and 9.
9
Let p = 181 + -178. Suppose 6*o - p*h + 306 = 9*o, -2 = -h. What is the highest common divisor of 40 and o?
20
Let w(f) = 4*f**3 - 2*f**2 - 8*f + 46. Let x be w(3). What is the highest common divisor of x and 1008?
112
Let n(l) = -l**2 + 6*l - 7. Let w be n(3). Suppose 2*s = 0, 3*h + 5*s - 900 = -w*h. What is the greatest common divisor of h and 72?
36
Let z(i) = -20*i - 144. Suppose -m - 34 + 20 = 0. Let l be z(m). Calculate the highest common factor of 16 and l.
8
Let y(x) = 5*x - 22. Let z(t) = t**2 + 25*t + 8. Let k be z(-25). Let c be (k